{"id":122,"date":"2026-02-01T08:25:17","date_gmt":"2026-02-01T08:25:17","guid":{"rendered":"https:\/\/cabildo-abierto.co\/?page_id=122"},"modified":"2026-02-01T21:07:17","modified_gmt":"2026-02-01T21:07:17","slug":"122-2","status":"publish","type":"page","link":"https:\/\/cabildo-abierto.co\/index.php\/122-2\/","title":{"rendered":"DISCURSOS DE IVAN"},"content":{"rendered":"\t\t<div data-elementor-type=\"wp-page\" data-elementor-id=\"122\" class=\"elementor elementor-122\">\n\t\t\t\t<div class=\"elementor-element elementor-element-f5b92d2 e-flex e-con-boxed e-con e-parent\" data-id=\"f5b92d2\" data-element_type=\"container\" data-e-type=\"container\">\n\t\t\t\t\t<div class=\"e-con-inner\">\n\t\t\t\t<div class=\"elementor-element elementor-element-5351d2f elementor-widget elementor-widget-video\" data-id=\"5351d2f\" data-element_type=\"widget\" data-e-type=\"widget\" data-settings=\"{&quot;youtube_url&quot;:&quot;https:\\\/\\\/www.youtube.com\\\/watch?v=CE68KVNjyvU&quot;,&quot;video_type&quot;:&quot;youtube&quot;,&quot;controls&quot;:&quot;yes&quot;}\" data-widget_type=\"video.default\">\n\t\t\t\t\t\t\t<div class=\"elementor-wrapper elementor-open-inline\">\n\t\t\t<div class=\"elementor-video\"><\/div>\t\t<\/div>\n\t\t\t\t\t\t<\/div>\n\t\t\t\t\t<\/div>\n\t\t\t\t<\/div>\n\t\t<div class=\"elementor-element elementor-element-d6abc4b e-con-full e-flex e-con e-parent\" data-id=\"d6abc4b\" data-element_type=\"container\" data-e-type=\"container\">\n\t\t\t\t<div class=\"elementor-element elementor-element-3abb417 elementor-widget__width-initial elementor-widget elementor-widget-heading\" data-id=\"3abb417\" data-element_type=\"widget\" data-e-type=\"widget\" data-widget_type=\"heading.default\">\n\t\t\t\t\t<h2 class=\"elementor-heading-title elementor-size-default\">IVAN CEPEDA VUELVE A VALLEDUPAR\n<br> Discurso  de Iv\u00e1n Cepeda en Valledupar: La rebeli\u00f3n ciudadana contra la gran corrupci\u00f3n 26 de enero 2026<br><\/h2>\t\t\t\t<\/div>\n\t\t<div class=\"elementor-element elementor-element-48903b8 e-con-full e-flex e-con e-child\" data-id=\"48903b8\" data-element_type=\"container\" data-e-type=\"container\">\n\t\t\t\t<\/div>\n\t\t<div class=\"elementor-element elementor-element-16e838e e-con-full e-flex e-con e-child\" data-id=\"16e838e\" data-element_type=\"container\" data-e-type=\"container\">\n\t\t\t\t<div class=\"elementor-element elementor-element-f3ed428 elementor-widget elementor-widget-heading\" data-id=\"f3ed428\" data-element_type=\"widget\" data-e-type=\"widget\" data-widget_type=\"heading.default\">\n\t\t\t\t\t<h4 class=\"elementor-heading-title elementor-size-default\"><a href=\"https:\/\/cabildo-abierto.co\/index.php\/ivan-cepeda-vuelve-a-valledupar-discurso-de-ivan-cepeda-en-valledupar-la-rebelion-ciudadana-contra-la-gran-corrupcion-26-de-enero-2026\/\">He escrito para la tarde de hoy, compa\u00f1eras y compa\u00f1eros, una intervenci\u00f3n que lleva el siguiente t\u00edtulo:\n\"La rebeli\u00f3n ciudadana contra la gran corrupci\u00f3n - La rebeli\u00f3n del pueblo colombiano contra la corrupci\u00f3n\".                                \n\nQueridas compa\u00f1eras y queridos compa\u00f1eros, siempre, siempre es motivo de profunda emoci\u00f3n y alegr\u00eda regresar a esta tierra. Valledupar y Cesar, no son solo un territorio del Caribe colombiano, son una geograf\u00eda marcada por las luchas sociales, por el dolor y tambi\u00e9n por la esperanza de sus pueblos y comunidades.\n\nAyer, apenas llegando, particip\u00e9 en una ceremonia de protecci\u00f3n espiritual junto a las autoridades ancestrales de los pueblos Kankuamo y Wiwa.  Escuch\u00e9 sus palabras     Leer mas...<\/a><\/h4>\t\t\t\t<\/div>\n\t\t\t\t<\/div>\n\t\t\t\t<\/div>\n\t\t<div class=\"elementor-element elementor-element-0e751b9 e-flex e-con-boxed e-con e-parent\" data-id=\"0e751b9\" data-element_type=\"container\" data-e-type=\"container\">\n\t\t\t\t\t<div class=\"e-con-inner\">\n\t\t\t\t<div class=\"elementor-element elementor-element-5b963db elementor-widget elementor-widget-video\" data-id=\"5b963db\" data-element_type=\"widget\" data-e-type=\"widget\" data-settings=\"{&quot;youtube_url&quot;:&quot;https:\\\/\\\/www.youtube.com\\\/watch?v=FjbP9-e8CKM&quot;,&quot;video_type&quot;:&quot;youtube&quot;,&quot;controls&quot;:&quot;yes&quot;}\" data-widget_type=\"video.default\">\n\t\t\t\t\t\t\t<div class=\"elementor-wrapper elementor-open-inline\">\n\t\t\t<div class=\"elementor-video\"><\/div>\t\t<\/div>\n\t\t\t\t\t\t<\/div>\n\t\t\t\t\t<\/div>\n\t\t\t\t<\/div>\n\t\t<div class=\"elementor-element elementor-element-88e4b9b e-con-full e-flex e-con e-parent\" data-id=\"88e4b9b\" data-element_type=\"container\" data-e-type=\"container\">\n\t\t<div class=\"elementor-element elementor-element-d499b8f e-con-full e-flex e-con e-child\" data-id=\"d499b8f\" data-element_type=\"container\" data-e-type=\"container\">\n\t\t\t\t<div class=\"elementor-element elementor-element-ba1d565 elementor-widget elementor-widget-heading\" data-id=\"ba1d565\" data-element_type=\"widget\" data-e-type=\"widget\" data-widget_type=\"heading.default\">\n\t\t\t\t\t<h2 class=\"elementor-heading-title elementor-size-default\">IVAN EN ARMENIA   \"Somos la fuerza de la vida y la naturaleza\"<br><\/h2>\t\t\t\t<\/div>\n\t\t\t\t<\/div>\n\t\t<div class=\"elementor-element elementor-element-129133e e-con-full e-flex e-con e-child\" data-id=\"129133e\" data-element_type=\"container\" data-e-type=\"container\">\n\t\t\t\t<div class=\"elementor-element elementor-element-ebb15d3 elementor-widget__width-initial elementor-widget elementor-widget-heading\" data-id=\"ebb15d3\" data-element_type=\"widget\" data-e-type=\"widget\" data-widget_type=\"heading.default\">\n\t\t\t\t\t<h4 class=\"elementor-heading-title elementor-size-default\"><a href=\"https:\/\/cabildo-abierto.co\/index.php\/discurso-de-ivan-en-armenia\/\" target=\"_blank\">\n\nUnas cuantas reflexiones por escrito, sobre un tema que es fundamental para el pa\u00eds y para el eje cafetero, nuestra pol\u00edtica de defensa de la naturaleza y nuestra riqueza ambiental.\n\nEl t\u00edtulo que lleva este discurso es: Somos la fuerza de la vida y la naturaleza.\n\nMe resulta muy grato venir a esta ciudad, con la que me unen lazos familiares entra\u00f1ables. Aqu\u00ed en abril de 1930, naci\u00f3 mi padre, Manuel Cepeda Vargas, senador de la Rep\u00fablica, asesinado como parte del genocidio pol\u00edtico contra la Uni\u00f3n Patri\u00f3tica, en el a\u00f1o 1994.\n\nMucha de su rebeld\u00eda y de su esp\u00edritu de resistencia, debi\u00f3 heredar mi padre, de esta tierra y de su gente. \n\nEl pueblo quindiano, se ha destacado por su luchas pol\u00edtic\u2026 Leer mas...<\/a><\/h4>\t\t\t\t<\/div>\n\t\t\t\t<\/div>\n\t\t\t\t<\/div>\n\t\t<div class=\"elementor-element elementor-element-d72387a e-flex e-con-boxed e-con e-parent\" data-id=\"d72387a\" data-element_type=\"container\" data-e-type=\"container\">\n\t\t\t\t\t<div class=\"e-con-inner\">\n\t\t\t\t<div class=\"elementor-element elementor-element-5e9c568 elementor-widget elementor-widget-video\" data-id=\"5e9c568\" data-element_type=\"widget\" data-e-type=\"widget\" data-settings=\"{&quot;youtube_url&quot;:&quot;https:\\\/\\\/www.youtube.com\\\/watch?v=YL8glR5g36o&quot;,&quot;video_type&quot;:&quot;youtube&quot;,&quot;controls&quot;:&quot;yes&quot;}\" data-widget_type=\"video.default\">\n\t\t\t\t\t\t\t<div class=\"elementor-wrapper elementor-open-inline\">\n\t\t\t<div class=\"elementor-video\"><\/div>\t\t<\/div>\n\t\t\t\t\t\t<\/div>\n\t\t\t\t\t<\/div>\n\t\t\t\t<\/div>\n\t\t<div class=\"elementor-element elementor-element-bea4ee5 e-con-full e-flex e-con e-parent\" data-id=\"bea4ee5\" data-element_type=\"container\" data-e-type=\"container\">\n\t\t<div class=\"elementor-element elementor-element-75c61fa e-con-full e-flex e-con e-child\" data-id=\"75c61fa\" data-element_type=\"container\" data-e-type=\"container\">\n\t\t\t\t<div class=\"elementor-element elementor-element-0306750 elementor-widget__width-initial elementor-widget elementor-widget-heading\" data-id=\"0306750\" data-element_type=\"widget\" data-e-type=\"widget\" data-widget_type=\"heading.default\">\n\t\t\t\t\t<h2 class=\"elementor-heading-title elementor-size-default\">Discurso en Neiva\n28 de enero\n\n\"Vamos a ganar en democracia\"<\/h2>\t\t\t\t<\/div>\n\t\t\t\t<\/div>\n\t\t\t\t<div class=\"elementor-element elementor-element-580ec61 elementor-widget__width-initial elementor-widget elementor-widget-text-editor\" data-id=\"580ec61\" data-element_type=\"widget\" data-e-type=\"widget\" data-widget_type=\"text-editor.default\">\n\t\t\t\t\t\t\t\t\t<h4><strong>Unas reflexiones sobre el actual momento que vivimos. <\/strong><br \/><strong>Les he puesto un t\u00edtulo sencillo: &#8220;Vamos a ganar en democracia&#8221;.\u00a0 \u00a0 \u00a0 \u00a0 \u00a0 \u00a0 \u00a0 \u00a0 \u00a0 \u00a0 \u00a0 \u00a0 \u00a0 \u00a0 \u00a0 \u00a0 \u00a0 \u00a0 \u00a0 \u00a0 \u00a0 \u00a0 \u00a0 \u00a0 \u00a0 \u00a0 \u00a0 \u00a0 \u00a0 \u00a0 \u00a0 \u00a0 \u00a0 \u00a0 \u00a0 \u00a0 \u00a0 \u00a0 \u00a0 \u00a0 \u00a0Queridas compa\u00f1eras y queridos compa\u00f1eros, me complace venir a esta tierra tan diversa en zonas de vida y ecosistemas, as\u00ed como con un movimiento social y pol\u00edtico tan diverso y poderoso, que ha librado luchas por el cambio social la defensa ambiental, la reforma agraria, la paz y la democracia.\u00a0 \u00a0 \u00a0 \u00a0 \u00a0 \u00a0 \u00a0 \u00a0 \u00a0 \u00a0 \u00a0 \u00a0 \u00a0 \u00a0 \u00a0 \u00a0 \u00a0 \u00a0 \u00a0 \u00a0 \u00a0 \u00a0 \u00a0 \u00a0 \u00a0 \u00a0 \u00a0 \u00a0 \u00a0 \u00a0 \u00a0 \u00a0 \u00a0 \u00a0 \u00a0 \u00a0 \u00a0 \u00a0 \u00a0 \u00a0 \u00a0 \u00a0 \u00a0<\/strong><strong>Aqu\u00ed se ha sabido defender nuestra soberan\u00eda territorial ante la voracidad de las compa\u00f1\u00edas multinacionales, se ha sabido proteger nuestra riqueza natural y el agua, y el derecho a la tierra, para garantizar la soberan\u00eda alimentaria del pa\u00eds. <\/strong><\/h4><h4><strong>Un ejemplo luminoso de esas luchas ha sido l\u2026Leer Mas&#8230;<\/strong><\/h4>\t\t\t\t\t\t\t\t<\/div>\n\t\t<div class=\"elementor-element elementor-element-e2f7265 e-con-full e-flex e-con e-child\" data-id=\"e2f7265\" data-element_type=\"container\" data-e-type=\"container\">\n\t\t\t\t<\/div>\n\t\t\t\t<\/div>\n\t\t<div class=\"elementor-element elementor-element-57063ab e-flex e-con-boxed e-con e-parent\" data-id=\"57063ab\" data-element_type=\"container\" data-e-type=\"container\">\n\t\t\t\t\t<div class=\"e-con-inner\">\n\t\t\t\t<div class=\"elementor-element elementor-element-69dea8f elementor-widget elementor-widget-video\" data-id=\"69dea8f\" data-element_type=\"widget\" data-e-type=\"widget\" data-settings=\"{&quot;youtube_url&quot;:&quot;https:\\\/\\\/www.youtube.com\\\/watch?v=JjSob0DYoKQ&quot;,&quot;video_type&quot;:&quot;youtube&quot;,&quot;controls&quot;:&quot;yes&quot;}\" data-widget_type=\"video.default\">\n\t\t\t\t\t\t\t<div class=\"elementor-wrapper elementor-open-inline\">\n\t\t\t<div class=\"elementor-video\"><\/div>\t\t<\/div>\n\t\t\t\t\t\t<\/div>\n\t\t\t\t\t<\/div>\n\t\t\t\t<\/div>\n\t\t<div class=\"elementor-element elementor-element-694af57 e-con-full e-flex e-con e-parent\" data-id=\"694af57\" data-element_type=\"container\" data-e-type=\"container\">\n\t\t<div class=\"elementor-element elementor-element-ebe87b1 e-con-full e-flex e-con e-child\" data-id=\"ebe87b1\" data-element_type=\"container\" data-e-type=\"container\">\n\t\t\t\t<\/div>\n\t\t<div class=\"elementor-element elementor-element-d7ee341 e-con-full e-flex e-con e-child\" data-id=\"d7ee341\" data-element_type=\"container\" data-e-type=\"container\">\n\t\t\t\t<div class=\"elementor-element elementor-element-d4b883e elementor-widget elementor-widget-heading\" data-id=\"d4b883e\" data-element_type=\"widget\" data-e-type=\"widget\" data-widget_type=\"heading.default\">\n\t\t\t\t\t<h2 class=\"elementor-heading-title elementor-size-default\">\n\nDiscurso de Iv\u00e1n en  C\u00facuta\n27 de enero :\n\nGracias C\u00facuta, gracias Catatumbo, gracias Norte de Santander,<\/h2>\t\t\t\t<\/div>\n\t\t\t\t<div class=\"elementor-element elementor-element-6b7aa82 elementor-widget elementor-widget-text-editor\" data-id=\"6b7aa82\" data-element_type=\"widget\" data-e-type=\"widget\" data-widget_type=\"text-editor.default\">\n\t\t\t\t\t\t\t\t\t<h4>\u00a0<strong>Gracias C\u00facuta, gracias Catatumbo, gracias Norte de Santander.<\/strong><br \/><strong>He preparado unas cuantas l\u00edneas, queridas compa\u00f1eras, queridos compa\u00f1eros, para \u00e9ste encuentro que tenemos hoy.<\/strong><\/h4><h4><strong>Se llama de la siguiente manera, &#8220;Defendamos nuestros derechos pol\u00edticos&#8221;.<\/strong><\/h4><h4><strong>En las \u00faltimas d\u00e9cadas como parte de mi trabajo junto a las v\u00edctimas del conflicto armado y en mi recorrido por los territorios caminando al lado del movimiento campesino, siempre regreso al Catatumbo y al Norte de Santander, con una certeza profunda, aqu\u00ed incluso en medio de la guerra y del abandono, el pueblo nunca renunci\u00f3 a la vida y a la esperanza.<\/strong><\/h4><h4><strong>Siempre recuerdo con admiraci\u00f3n que en esta regi\u00f3n del pa\u00eds, el movimiento social floreci\u00f3 en medio de la violencia, como una <a href=\"https:\/\/cabildo-abierto.co\/index.php\/ivan-en-cucuta-27-de-enero\/\" target=\"_blank\" rel=\"noopener\">\u2026 Leer Mas..<\/a><\/strong><\/h4>\t\t\t\t\t\t\t\t<\/div>\n\t\t\t\t<\/div>\n\t\t\t\t<\/div>\n\t\t<div class=\"elementor-element elementor-element-4270433 e-flex e-con-boxed e-con e-parent\" data-id=\"4270433\" data-element_type=\"container\" data-e-type=\"container\">\n\t\t\t\t\t<div class=\"e-con-inner\">\n\t\t\t\t<div class=\"elementor-element elementor-element-f0a98c6 elementor-widget elementor-widget-video\" data-id=\"f0a98c6\" data-element_type=\"widget\" data-e-type=\"widget\" data-settings=\"{&quot;youtube_url&quot;:&quot;https:\\\/\\\/www.youtube.com\\\/watch?v=Zt-GxNNerCc&quot;,&quot;start&quot;:0,&quot;video_type&quot;:&quot;youtube&quot;,&quot;controls&quot;:&quot;yes&quot;}\" data-widget_type=\"video.default\">\n\t\t\t\t\t\t\t<div class=\"elementor-wrapper elementor-open-inline\">\n\t\t\t<div class=\"elementor-video\"><\/div>\t\t<\/div>\n\t\t\t\t\t\t<\/div>\n\t\t\t\t\t<\/div>\n\t\t\t\t<\/div>\n\t\t<div class=\"elementor-element elementor-element-3476c04 e-con-full e-flex e-con e-parent\" data-id=\"3476c04\" data-element_type=\"container\" data-e-type=\"container\">\n\t\t<div class=\"elementor-element elementor-element-0792ad2 e-con-full e-flex e-con e-child\" data-id=\"0792ad2\" data-element_type=\"container\" data-e-type=\"container\">\n\t\t\t\t<div class=\"elementor-element elementor-element-7551cc8 elementor-widget elementor-widget-heading\" data-id=\"7551cc8\" data-element_type=\"widget\" data-e-type=\"widget\" data-widget_type=\"heading.default\">\n\t\t\t\t\t<h2 class=\"elementor-heading-title elementor-size-default\">\n\nDiscurso de Iv\u00e1n en  Ibagu\u00e9\n\n30 enero :\n\n\"Somos constructoras y constructores de paz y democracia - Luchadoras y luchadores para la superaci\u00f3n de la pobreza y la desigualdad\"\n<\/h2>\t\t\t\t<\/div>\n\t\t\t\t<\/div>\n\t\t<div class=\"elementor-element elementor-element-7036b19 e-con-full e-flex e-con e-child\" data-id=\"7036b19\" data-element_type=\"container\" data-e-type=\"container\">\n\t\t\t\t<div class=\"elementor-element elementor-element-3b62ffe elementor-widget elementor-widget-text-editor\" data-id=\"3b62ffe\" data-element_type=\"widget\" data-e-type=\"widget\" data-widget_type=\"text-editor.default\">\n\t\t\t\t\t\t\t\t\t<h4><strong>&#8220;Somos constructoras y constructores de paz y democracia &#8211; Luchadoras y luchadores para la superaci\u00f3n de la pobreza y la desigualdad&#8221;<\/strong><\/h4><h4><strong>Muchas gracias. Abrazo con cari\u00f1o, con amor, a la gente de Ibagu\u00e9, a la gente del Tolima.<\/strong><\/h4><h4><strong>Iba a presentar ante ustedes, hoy, algunas de mis reflexiones sobre lo que debe ser la pol\u00edtica ambiental de nuestro segundo gobierno, pero debido a los ataques, la persecuci\u00f3n que se ha desatado cada vez m\u00e1s feroz, cada vez m\u00e1s sucia contra nuestro presidente Gustavo Petro, contra el proceso de inscripci\u00f3n como precandidato del Frente por la Vida, he decidido postergar para ma\u00f1ana mi discurso sobre el ambiente y sobre su defensa, y dedicar hoy unas cuantas palabras, a qui\u00e9nes somos, y por qu\u00e9 nos persiguen. <\/strong><br \/><strong>Leer Mas \u2026<\/strong><\/h4>\t\t\t\t\t\t\t\t<\/div>\n\t\t\t\t<\/div>\n\t\t\t\t<\/div>\n\t\t\t\t<\/div>\n\t\t","protected":false},"excerpt":{"rendered":"<p>https:\/\/www.youtube.com\/watch?v=CE68KVNjyvU IVAN CEPEDA VUELVE A VALLEDUPAR Discurso de Iv\u00e1n Cepeda en Valledupar: La rebeli\u00f3n ciudadana contra la gran corrupci\u00f3n 26 de enero 2026 He escrito para la tarde de hoy, compa\u00f1eras y compa\u00f1eros, una intervenci\u00f3n que lleva el siguiente t\u00edtulo: &#8220;La rebeli\u00f3n ciudadana contra la gran corrupci\u00f3n &#8211; La rebeli\u00f3n del pueblo colombiano contra la [&hellip;]<\/p>\n","protected":false},"author":1,"featured_media":0,"parent":0,"menu_order":0,"comment_status":"closed","ping_status":"closed","template":"","meta":{"footnotes":""},"class_list":["post-122","page","type-page","status-publish","hentry"],"_links":{"self":[{"href":"https:\/\/cabildo-abierto.co\/index.php\/wp-json\/wp\/v2\/pages\/122","targetHints":{"allow":["GET"]}}],"collection":[{"href":"https:\/\/cabildo-abierto.co\/index.php\/wp-json\/wp\/v2\/pages"}],"about":[{"href":"https:\/\/cabildo-abierto.co\/index.php\/wp-json\/wp\/v2\/types\/page"}],"author":[{"embeddable":true,"href":"https:\/\/cabildo-abierto.co\/index.php\/wp-json\/wp\/v2\/users\/1"}],"replies":[{"embeddable":true,"href":"https:\/\/cabildo-abierto.co\/index.php\/wp-json\/wp\/v2\/comments?post=122"}],"version-history":[{"count":151,"href":"https:\/\/cabildo-abierto.co\/index.php\/wp-json\/wp\/v2\/pages\/122\/revisions"}],"predecessor-version":[{"id":1251,"href":"https:\/\/cabildo-abierto.co\/index.php\/wp-json\/wp\/v2\/pages\/122\/revisions\/1251"}],"wp:attachment":[{"href":"https:\/\/cabildo-abierto.co\/index.php\/wp-json\/wp\/v2\/media?parent=122"}],"curies":[{"name":"wp","href":"https:\/\/api.w.org\/{rel}","templated":true}]}}